237. Let t = -20 - s. What are the prime factors of t?
2, 79
Suppose r = 2 - 0. What are the prime factors of (-60)/50*(-75)/r?
3, 5
What are the prime factors of (-8)/2 + (1099 - 50)?
5, 11, 19
Let h(b) = 291*b + 187. List the prime factors of h(6).
1933
Let a(f) be the second derivative of 3*f**3/2 + f**2/2 - 4*f. Let i be a(1). Let w = i + -2. List the prime factors of w.
2
Suppose 14 = -4*k - 2*o, -4*o = -3*k - 9 - 7. List the prime factors of (3/(-9))/(k/60).
5
Suppose -2*m - 102 - 62 = 0. Let r = m - -23. Let j = r - -98. What are the prime factors of j?
3, 13
Let y = 17 + -12. Suppose 0 = -y*s - 8 - 2. Let a(i) = -2*i**3 - i**2 + 3*i + 1. What are the prime factors of a(s)?
7
Suppose c + 0*c - 20 = 0. Suppose 2*b - 6*b = 5*p + 5, 0 = -p + 3*b - c. Let u(l) = 4*l**2 + 5*l - 8. What are the prime factors of u(p)?
67
Let z = -1229 + 2594. List the prime factors of z.
3, 5, 7, 13
Let k(x) = 20*x**2 + 18*x + 62. What are the prime factors of k(-5)?
2, 59
Let w(z) = 297*z - 8. Let x(p) = 148*p - 3. Let j(t) = -4*w(t) + 9*x(t). List the prime factors of j(1).
149
Let w = -92 + 402. Let f = -175 + w. List the prime factors of f.
3, 5
Suppose 5*u + 5*t - 4 = 9*u, 0 = 3*t + 12. List the prime factors of ((-1 - -5) + (-110)/4)*u.
3, 47
Suppose 0*g + 4*g - 72 = -2*k, 5*k = -4*g + 210. Suppose -20 + k = 2*z. What are the prime factors of z?
13
Suppose 0 = -4*h - 4 + 16. Suppose -h*i + 2*x = -191, 4*x = -4*i + 291 - 43. Suppose i - 15 = 3*c. What are the prime factors of c?
2
Let t(g) = -g**3 + 24*g**2 - 32*g + 23. What are the prime factors of t(21)?
2, 337
List the prime factors of ((-1)/2)/((-3)/714).
7, 17
Let w(b) = b**2 - 2*b - 2. Suppose c - x + 15 = 0, -2*c = c + 4*x + 80. Let f = c - -17. List the prime factors of w(f).
13
Let b(c) be the second derivative of -c**3/2 - 3*c**2/2 + 10*c. Let z be b(-3). Suppose -378 = -z*x - 0*x. List the prime factors of x.
3, 7
List the prime factors of (624/26)/(3*(-4)/(-832)).
2, 13
Let a be 1 + (-10)/15*9. List the prime factors of 5/a - -3 - -63.
5, 13
Suppose d - 4*r = -0*d + 454, -3*d = 5*r - 1294. Suppose 0 = -10*j + 4*j + d. List the prime factors of j.
73
Suppose -5*u + 2 = 2. Suppose 0*x + x - 5 = 0. Suppose 4*o - x*g = 37, u = 2*o + 4*g - 12 - 26. What are the prime factors of o?
13
Suppose f - 3 = 2*m, 20 = 5*f - m - 4. Suppose -f*l = -0*q - 2*q + 26, -2*l = -3*q + 28. What are the prime factors of 178/8 - q/32?
2, 11
Let b(z) = 4*z**2 - 12. Let k be b(-5). Suppose 0 = 7*m - 192 - k. List the prime factors of m.
2, 5
Suppose h - 5*s + 3450 = 5*h, s - 4323 = -5*h. List the prime factors of h.
5, 173
Let m = 38 - 35. Suppose 0 = -8*r + m*r + 1005. Suppose -c + r = 2*c. What are the prime factors of c?
67
Let h = -55 - -60. Suppose 5*c = h*t + 205, 4*c - c - 99 = -5*t. List the prime factors of c.
2, 19
Let v = 10 + -3. What are the prime factors of (v/(21/(-738)))/(15/(-10))?
2, 41
Let z = 67 - 62. Suppose 0 = 2*p - 4*p + 20. Suppose -z*l + 2*g = -128, -l - g + 10 + p = 0. What are the prime factors of l?
2, 3
Suppose -x + 2*q + 209 = 43, 3*q = -x + 186. List the prime factors of x.
2, 3, 29
Suppose 0 = 6*v - 2*v - 924. Let h = v - 164. List the prime factors of h.
67
Suppose -28 = -11*t + 49. Let q(o) = o**2 - 2*o + 4. List the prime factors of q(t).
3, 13
Let l = -114 - -278. Suppose -l = -2*h - 62. Suppose -4*j + h + 9 = 0. List the prime factors of j.
3, 5
Let i be 282/18 - (-4)/(-6). Let s = i - 12. Let u(j) = 2*j**2 + 2*j + 3. List the prime factors of u(s).
3
What are the prime factors of (-2785)/((144/(-12))/12)?
5, 557
Let d(c) be the first derivative of c**3/3 + 5*c**2/2 + 3*c - 2. Let k be d(-3). What are the prime factors of (k/2)/((-2)/44)?
3, 11
Suppose -3*u = 3*u + d - 6874, 0 = -4*u + 4*d + 4564. List the prime factors of u.
5, 229
Let s(l) = 212*l + 200. What are the prime factors of s(4)?
2, 131
Suppose -9*m - 5867 + 20168 = 0. List the prime factors of m.
7, 227
Let c(j) = -j**3 + 22*j**2 + 10*j - 2. What are the prime factors of c(21)?
11, 59
Let t be 2/(6 - 4)*-27. Let r = 19 + t. What are the prime factors of 4*(-4)/r - -13?
3, 5
Let c = 36 + -81. Let x = c - -120. What are the prime factors of x?
3, 5
Let s = -125 + 297. List the prime factors of s.
2, 43
Let c(z) = -z**3 - 3*z**2 - z. Let l be c(-2). Let y be (-2 - -4)*1/l. List the prime factors of y/((-2)/(-6)) - -47.
2, 11
Suppose 8 = -2*o, -5*o = 2*v + 3*v - 455. Let y = 114 - v. What are the prime factors of y?
19
Let b = 231 - 390. Let t = b + 264. List the prime factors of t.
3, 5, 7
Suppose -23 = -3*h + 4*p, -11 = 4*h - 5*h + 3*p. Suppose 5*x - 159 = -3*b, 2*x = b + h*x - 53. What are the prime factors of b?
53
Suppose 6*i = 3*i + 105. Let r = 44 + i. What are the prime factors of r?
79
Let t = 539 - 163. Suppose -4*x - 4*l - t = 0, x = 2*x + 4*l + 82. List the prime factors of -8*(x/(-4))/(-7).
2, 7
What are the prime factors of (-2 + -11 + 10)*(-674)/3?
2, 337
Let b(x) = -x**2 - 15*x - 18. Let o be b(-10). Let w = o - 9. List the prime factors of w.
23
Let j = 45 + -50. List the prime factors of 142*(6 + j) - 2.
2, 5, 7
Let v(t) = t + 2. Let d be v(2). Suppose 0 = d*o - 80 - 128. List the prime factors of o.
2, 13
Let k(y) = -9*y**2 + y - 1. Suppose a = 3*h - 11 + 28, -4*a = -3*h - 23. Let b be k(a). Let p = b - -52. List the prime factors of p.
17
Let q = -275 - -1781. List the prime factors of q.
2, 3, 251
Let w = 129 - -279. Let t be (6/4)/(4/w). Suppose v = -2*a + 75, a = 5*a - v - t. List the prime factors of a.
2, 19
Let i be 11/44 - 38/(-8). Let t = -32 - -70. Suppose -i*g + 272 + t = 0. List the prime factors of g.
2, 31
Suppose -2*u = 2*i - 114, -4*i + 6*i + 222 = 4*u. Let k = u - 23. What are the prime factors of k?
3, 11
Let l be (-288)/(-54)*2/((-8)/(-6)). Suppose l*i - 5*i = 258. List the prime factors of i.
2, 43
Suppose 15290 = 35*o - 109345. List the prime factors of o.
3, 1187
Let c = 163 + 62. Suppose -3*f - c = -8*f. List the prime factors of f.
3, 5
Let r = -5 + 9. Let n = -84 - -87. Suppose n*x + 9 = r*x. List the prime factors of x.
3
Suppose 5*u - 991 = -66. Let v = -74 + u. Suppose -x + 5*d = -43, 3*d - 2*d = -5*x + v. List the prime factors of x.
23
Let a(c) = -6*c**3 - c**2 - c - 1. Let h be a(-1). Suppose 7 = 2*o + h. Let l(z) = 16*z**2 - z + 1. What are the prime factors of l(o)?
2
Let s = -1 - 0. Suppose 0*y - 3*y + 33 = 2*t, -y = 4*t - 81. What are the prime factors of t/((-1)/s) + -1?
2, 5
Suppose 30*a = 31*a - 7. Suppose -127 = -6*i - a. What are the prime factors of i?
2, 5
Suppose 182*p + 1296 = 186*p. List the prime factors of p.
2, 3
Let m(a) = -3*a - a + 0*a - a. Let t be m(-2). Suppose -o + 21 = -t. What are the prime factors of o?
31
Suppose 12*k - 6657 - 2295 = 0. What are the prime factors of k?
2, 373
Let g(p) = 4*p**2 - 12*p - 13. List the prime factors of g(-9).
419
Suppose 3*d - 10 = -2*g - 1, 4*d + 11 = 5*g. Let i(p) = 49*p**3 + 2*p - 1. List the prime factors of i(d).
2, 5
Let p = 1160 + -790. List the prime factors of p.
2, 5, 37
Suppose -37 - 503 = -12*o. List the prime factors of o.
3, 5
Suppose 397 = 4*y - w, -4*y - 5*w + 2*w + 377 = 0. Let s = 16 + y. List the prime factors of s.
2, 3, 19
Suppose 0 = -12*z + 1916 + 10012. List the prime factors of z.
2, 7, 71
Let x be (-168)/(-3) + (-3 - -2). Suppose n + x = 6*n. List the prime factors of n - (-3 - -3 - -2).
3
Suppose 4*y - 5*n = 58, 3*y - 7*n + 3*n = 44. Let r be 8/y + 70/3. List the prime factors of 1*(-6)/(-9)*r.
2
Let c(q) = -2 + 9*q + q**2 + 4 - 2 + 7. Let b be c(-8). List the prime factors of b*(-12 - (0 - 0)).
2, 3
Suppose 0 = -2*l + 3*t - 9, -3*l - 3*t - 13 = -7*t. What are the prime factors of 66/(-7)*l/((-6)/(-14))?
2, 3, 11
Suppose 0 = 5*u + 79 + 186. Let j = 31 + u. List the prime factors of 4/j + (-598)/(-22).
3
Let p be 8/16*2*569. List the prime factors of p/5 - 13/(-65).
2, 3, 19
Suppose 0 = -y - 3*y + 2*w + 14, 0 = 3*y - 2*w - 13. List the prime factors of (2 - y)/3 + (-86)/(-3).
29
Let t(i) = i**2 + 6*i - 5. Let g be t(-7). Suppose -g = 2*v - 26. Let a = 25 - v. List the prime factors of a.
13
What are the prime factors of (-2 - 0)/(62/(-41695))?
5, 269
Let m = 46 - 40. Suppose -13*x + 10*x = -6. Suppose x*w + 12 = m*w. What are the prime factors of w?
3
Let m = -295 + 765. List the prime fa